{"id":2618,"date":"2021-01-16T23:00:42","date_gmt":"2021-01-16T22:00:42","guid":{"rendered":"http:\/\/ckplac.org\/?post_type=portfolio_page&#038;p=2618"},"modified":"2021-01-25T23:06:09","modified_gmt":"2021-01-25T22:06:09","slug":"dejan-vujinovic","status":"publish","type":"portfolio_page","link":"https:\/\/www.ckplac.org\/hu\/portfolio_page\/dejan-vujinovic\/","title":{"rendered":"Dejan Vujinovi\u0107"},"content":{"rendered":"<section class=\"wpb-content-wrapper\"><div      class=\"vc_row wpb_row section vc_row-fluid \" style=' text-align:left;'><div class=\" full_section_inner clearfix\"><div class=\"wpb_column vc_column_container vc_col-sm-4\"><div class=\"vc_column-inner\"><div class=\"wpb_wrapper\"><div class='q_elements_holder one_column responsive_mode_from_768' ><div class='q_elements_item ' data-600-768='0px 10px 40px 10px' data-480-600='0px 10px 40px 10px' data-480='0px 10px 40px 10px' data-animation='no' data-item-class='q_elements_holder_custom_547380'><div class='q_elements_item_inner'><div class='q_elements_item_content q_elements_holder_custom_547380' style='padding:0px 0px 60px 0px'>\n\t<div class=\"wpb_single_image wpb_content_element vc_align_center\">\n\t\t<div class=\"wpb_wrapper\">\n\t\t\t\n\t\t\t<div class=\"vc_single_image-wrapper vc_box_outline  vc_box_border_grey\"><img class=\"vc_single_image-img \" src=\"https:\/\/www.ckplac.org\/wp-content\/uploads\/2021\/01\/dj-1-600x600.jpg\" width=\"600\" height=\"600\" alt=\"dj\" title=\"dj\" \/><\/div>\n\t\t<\/div>\n\t<\/div>\n\t<div class=\"vc_empty_space\"  style=\"height: 30px\" ><span\n\t\t\tclass=\"vc_empty_space_inner\">\n\t\t\t<span class=\"empty_space_image\"  ><\/span>\n\t\t<\/span><\/div>\n\n<span class='q_social_icon_holder circle_social' data-color=#ffffff data-hover-background-color=#000000 data-hover-color=#ffffff><a itemprop='url' href='https:\/\/www.facebook.com\/dejan.vujinovic' target='_blank'><span class='fa-stack ' style='background-color: #2361dd;font-size: 20px;'><i class=\"qode_icon_font_awesome fa fa-facebook \" style=\"color: #ffffff;font-size: 15px;\" ><\/i><\/span><\/a><\/span><\/div><\/div><\/div><\/div><\/div><\/div><\/div><div class=\"wpb_column vc_column_container vc_col-sm-8\"><div class=\"vc_column-inner\"><div class=\"wpb_wrapper\"><div class='q_elements_holder one_column responsive_mode_from_768' ><div class='q_elements_item ' data-768-1024='0px 0px 40px 0px' data-600-768='0px 10px 40px 10px' data-480-600='0px 10px 40px 10px' data-480='0px 10px 40px 10px' data-animation='no' data-item-class='q_elements_holder_custom_522091'><div class='q_elements_item_inner'><div class='q_elements_item_content q_elements_holder_custom_522091' style='padding:0px 0px 80px 30px'>\n\t<div class=\"wpb_text_column wpb_content_element \">\n\t\t<div class=\"wpb_wrapper\">\n\t\t\t<h6>Biografija<\/h6>\n\n\t\t<\/div> \n\t<\/div> <div class=\"separator  normal   \" style=\"background-color: #f2f2f2;height: 1px;\"><\/div>\n\t<div class=\"vc_empty_space\"  style=\"height: 20px\" ><span\n\t\t\tclass=\"vc_empty_space_inner\">\n\t\t\t<span class=\"empty_space_image\"  ><\/span>\n\t\t<\/span><\/div>\n\n\n\t<div class=\"wpb_text_column wpb_content_element \">\n\t\t<div class=\"wpb_wrapper\">\n\t\t\t<p>Po struci je magistar ekonomskih nauka, u u\u017eoj stru\u010dnoj oblasti marketing menad\u017ementa, a sa posebnim akcentom na integrisane marketing komunikacije za kulturne doga\u0111aje. Osniva\u010d je, organizator i umetni\u010dki rukovodilac\u00a0<em>world music<\/em>\u00a0festivala Etnofest (17 godina, 2004 &#8211; ), festivala savremene eksperimentalne i improvizovane muzike Jazzir\u00e9 (12 godina, 2009 &#8211; ), kao i umetni\u010dki direktor Kanji\u0161kog d\u017eez festivala u periodu od 2013 &#8211; 2018. godine. Bio je urednik muzi\u010dkog i likovnog programa kafe galerija Yu Fest i Ba\u0161 ku\u0107a, u kojima je organizovao na desetine koncerata i izlo\u017ebi.\u00a0 PR je i saradnik festivala Desir\u00e9 po pitanju eksternih komunikacija od osnivanja festivala. U oblasti menad\u017ementa u kulturi, u pojedinim godinama obavljao je i funkcije menad\u017eera projekta &#8222;Subotica\u00a0 &#8211; grad festivala&#8220; (FOKUS fondacija), kao i funkciju PR menad\u017eera projekta No\u0107 muzeja u Subotici. Aktivan je u implementaciji transnacionalnih kulturnih projekata pod okriljem programa Kreativna Evropa.<\/p>\n<p>&nbsp;<\/p>\n<p>Dobitnik je nagrade dr. Ferenc Bodrogvari, za doprinos razvoju kulture grada Subotice.<\/p>\n<p>&nbsp;<\/p>\n<p>Od 2010. godine, zaposlen je u kancelariji Interreg IPA Programa prekograni\u010dne saradnje Ma\u0111arska &#8211; Srbija, gde obavlja funkciju program menad\u017eera.<\/p>\n\n\t\t<\/div> \n\t<\/div> <\/div><\/div><\/div><\/div><\/div><\/div><\/div><\/div><\/div><div      class=\"vc_row wpb_row section vc_row-fluid \" style=' text-align:left;'><div class=\" full_section_inner clearfix\"><div class=\"wpb_column vc_column_container vc_col-sm-12\"><div class=\"vc_column-inner\"><div class=\"wpb_wrapper\"><div class='q_elements_holder one_column responsive_mode_from_768' ><div class='q_elements_item ' data-animation='no' data-item-class='q_elements_holder_custom_619616'><div class='q_elements_item_inner'><div class='q_elements_item_content q_elements_holder_custom_619616'><div class=\"qode-advanced-image-gallery  qode-aig-masonry-type qode-tiny-space  qode-image-behavior-lightbox \">\n\t<div class=\"qode-aig-inner qode-outer-space qode-aig-masonry qode-aig-five-columns\">\n\t\t<div class=\"qode-aig-grid-sizer\"><\/div>\n\t\t<div class=\"qode-aig-grid-gutter\"><\/div>\n\t\t\t\t\t\t\t\t<div class=\"qode-aig-image qode-item-space qode-aig-default-masonry-item\">\n\t\t\t\t<div class=\"qode-aig-image-inner\">\n\t\t\t\t\t\t\t\t\t\t\t<a itemprop=\"image\" class=\"qode-aig-lightbox\" href=\"https:\/\/www.ckplac.org\/wp-content\/uploads\/2021\/01\/dejo-01.gif\" data- rel=\"lightbox[2618] prettyPhoto[image_gallery_pretty_photo-960]\" title=\"dejo 01\">\n\t\t\t\t\t\t\t\t\t\t\t<img width=\"900\" height=\"600\" src=\"https:\/\/www.ckplac.org\/wp-content\/uploads\/2021\/01\/dejo-01.gif\" class=\"attachment-full size-full\" alt=\"\" decoding=\"async\" loading=\"lazy\" \/>\t\t\t\t\t\t<span class=\"aig-gallery-hover\">\n\t\t\t\t\t\t\t\t\t\t\t\t\t\t\t<span class=\"icon-arrows-plus\"><\/span> \n\t\t\t\t\t\t\t\t\t\t\t\t\t<\/span>\n\t\t\t\t\t\t\t\t\t\t\t<\/a>\n\t\t\t\t\t\t\t\t\t<\/div>\n\t\t\t<\/div>\n\t\t\t\t\t\t\t\t<div class=\"qode-aig-image qode-item-space qode-aig-default-masonry-item\">\n\t\t\t\t<div class=\"qode-aig-image-inner\">\n\t\t\t\t\t\t\t\t\t\t\t<a itemprop=\"image\" class=\"qode-aig-lightbox\" href=\"https:\/\/www.ckplac.org\/wp-content\/uploads\/2021\/01\/dejo-02.gif\" data- rel=\"lightbox[2618] prettyPhoto[image_gallery_pretty_photo-960]\" title=\"dejo 02\">\n\t\t\t\t\t\t\t\t\t\t\t<img width=\"900\" height=\"600\" src=\"https:\/\/www.ckplac.org\/wp-content\/uploads\/2021\/01\/dejo-02.gif\" class=\"attachment-full size-full\" alt=\"\" decoding=\"async\" loading=\"lazy\" \/>\t\t\t\t\t\t<span class=\"aig-gallery-hover\">\n\t\t\t\t\t\t\t\t\t\t\t\t\t\t\t<span class=\"icon-arrows-plus\"><\/span> \n\t\t\t\t\t\t\t\t\t\t\t\t\t<\/span>\n\t\t\t\t\t\t\t\t\t\t\t<\/a>\n\t\t\t\t\t\t\t\t\t<\/div>\n\t\t\t<\/div>\n\t\t\t\t\t\t\t\t<div class=\"qode-aig-image qode-item-space qode-aig-default-masonry-item\">\n\t\t\t\t<div class=\"qode-aig-image-inner\">\n\t\t\t\t\t\t\t\t\t\t\t<a itemprop=\"image\" class=\"qode-aig-lightbox\" href=\"https:\/\/www.ckplac.org\/wp-content\/uploads\/2021\/01\/dejo-03.gif\" data- rel=\"lightbox[2618] prettyPhoto[image_gallery_pretty_photo-960]\" title=\"dejo 03\">\n\t\t\t\t\t\t\t\t\t\t\t<img width=\"900\" height=\"600\" src=\"https:\/\/www.ckplac.org\/wp-content\/uploads\/2021\/01\/dejo-03.gif\" class=\"attachment-full size-full\" alt=\"\" decoding=\"async\" loading=\"lazy\" \/>\t\t\t\t\t\t<span class=\"aig-gallery-hover\">\n\t\t\t\t\t\t\t\t\t\t\t\t\t\t\t<span class=\"icon-arrows-plus\"><\/span> \n\t\t\t\t\t\t\t\t\t\t\t\t\t<\/span>\n\t\t\t\t\t\t\t\t\t\t\t<\/a>\n\t\t\t\t\t\t\t\t\t<\/div>\n\t\t\t<\/div>\n\t\t\t\t\t\t\t\t<div class=\"qode-aig-image qode-item-space qode-aig-default-masonry-item\">\n\t\t\t\t<div class=\"qode-aig-image-inner\">\n\t\t\t\t\t\t\t\t\t\t\t<a itemprop=\"image\" class=\"qode-aig-lightbox\" href=\"https:\/\/www.ckplac.org\/wp-content\/uploads\/2021\/01\/dejo-04.gif\" data- rel=\"lightbox[2618] prettyPhoto[image_gallery_pretty_photo-960]\" title=\"dejo 04\">\n\t\t\t\t\t\t\t\t\t\t\t<img width=\"906\" height=\"600\" src=\"https:\/\/www.ckplac.org\/wp-content\/uploads\/2021\/01\/dejo-04.gif\" class=\"attachment-full size-full\" alt=\"\" decoding=\"async\" loading=\"lazy\" \/>\t\t\t\t\t\t<span class=\"aig-gallery-hover\">\n\t\t\t\t\t\t\t\t\t\t\t\t\t\t\t<span class=\"icon-arrows-plus\"><\/span> \n\t\t\t\t\t\t\t\t\t\t\t\t\t<\/span>\n\t\t\t\t\t\t\t\t\t\t\t<\/a>\n\t\t\t\t\t\t\t\t\t<\/div>\n\t\t\t<\/div>\n\t\t\t\t\t\t\t\t<div class=\"qode-aig-image qode-item-space qode-aig-default-masonry-item\">\n\t\t\t\t<div class=\"qode-aig-image-inner\">\n\t\t\t\t\t\t\t\t\t\t\t<a itemprop=\"image\" class=\"qode-aig-lightbox\" href=\"https:\/\/www.ckplac.org\/wp-content\/uploads\/2021\/01\/dejo-05.gif\" data- rel=\"lightbox[2618] prettyPhoto[image_gallery_pretty_photo-960]\" title=\"dejo 05\">\n\t\t\t\t\t\t\t\t\t\t\t<img width=\"900\" height=\"600\" src=\"https:\/\/www.ckplac.org\/wp-content\/uploads\/2021\/01\/dejo-05.gif\" class=\"attachment-full size-full\" alt=\"\" decoding=\"async\" loading=\"lazy\" \/>\t\t\t\t\t\t<span class=\"aig-gallery-hover\">\n\t\t\t\t\t\t\t\t\t\t\t\t\t\t\t<span class=\"icon-arrows-plus\"><\/span> \n\t\t\t\t\t\t\t\t\t\t\t\t\t<\/span>\n\t\t\t\t\t\t\t\t\t\t\t<\/a>\n\t\t\t\t\t\t\t\t\t<\/div>\n\t\t\t<\/div>\n\t\t\t<\/div>\n<\/div><\/div><\/div><\/div><\/div><\/div><\/div><\/div><\/div><\/div>\n<\/section>","protected":false},"excerpt":{"rendered":"Biografija Po struci je magistar ekonomskih nauka, u u\u017eoj stru\u010dnoj oblasti marketing menad\u017ementa, a sa...","protected":false},"author":2,"featured_media":2619,"menu_order":0,"comment_status":"open","ping_status":"closed","template":"","portfolio_category":[42],"portfolio_tag":[],"aioseo_notices":[],"_links":{"self":[{"href":"https:\/\/www.ckplac.org\/hu\/wp-json\/wp\/v2\/portfolio_page\/2618"}],"collection":[{"href":"https:\/\/www.ckplac.org\/hu\/wp-json\/wp\/v2\/portfolio_page"}],"about":[{"href":"https:\/\/www.ckplac.org\/hu\/wp-json\/wp\/v2\/types\/portfolio_page"}],"author":[{"embeddable":true,"href":"https:\/\/www.ckplac.org\/hu\/wp-json\/wp\/v2\/users\/2"}],"replies":[{"embeddable":true,"href":"https:\/\/www.ckplac.org\/hu\/wp-json\/wp\/v2\/comments?post=2618"}],"wp:featuredmedia":[{"embeddable":true,"href":"https:\/\/www.ckplac.org\/hu\/wp-json\/wp\/v2\/media\/2619"}],"wp:attachment":[{"href":"https:\/\/www.ckplac.org\/hu\/wp-json\/wp\/v2\/media?parent=2618"}],"wp:term":[{"taxonomy":"portfolio_category","embeddable":true,"href":"https:\/\/www.ckplac.org\/hu\/wp-json\/wp\/v2\/portfolio_category?post=2618"},{"taxonomy":"portfolio_tag","embeddable":true,"href":"https:\/\/www.ckplac.org\/hu\/wp-json\/wp\/v2\/portfolio_tag?post=2618"}],"curies":[{"name":"wp","href":"https:\/\/api.w.org\/{rel}","templated":true}]}}

Dejan Vujinović

<section class="wpb-content-wrapper"><div      class="vc_row wpb_row section vc_row-fluid " style=' text-align:left;'><div class=" full_section_inner clearfix"><div class="wpb_column vc_column_container vc_col-sm-4"><div class="vc_column-inner"><div class="wpb_wrapper"><div class='q_elements_holder one_column responsive_mode_from_768' ><div class='q_elements_item ' data-600-768='0px 10px 40px 10px' data-480-600='0px 10px 40px 10px' data-480='0px 10px 40px 10px' data-animation='no' data-item-class='q_elements_holder_custom_547380'><div class='q_elements_item_inner'><div class='q_elements_item_content q_elements_holder_custom_547380' style='padding:0px 0px 60px 0px'>
	<div class="wpb_single_image wpb_content_element vc_align_center">
		<div class="wpb_wrapper">
			
			<div class="vc_single_image-wrapper vc_box_outline  vc_box_border_grey"><img class="vc_single_image-img " src="https://www.ckplac.org/wp-content/uploads/2021/01/dj-1-600x600.jpg" width="600" height="600" alt="dj" title="dj" /></div>
		</div>
	</div>
	<div class="vc_empty_space"  style="height: 30px" ><span
			class="vc_empty_space_inner">
			<span class="empty_space_image"  ></span>
		</span></div>

<span class='q_social_icon_holder circle_social' data-color=#ffffff data-hover-background-color=#000000 data-hover-color=#ffffff><a itemprop='url' href='https://www.facebook.com/dejan.vujinovic' target='_blank'><span class='fa-stack ' style='background-color: #2361dd;font-size: 20px;'><i class="qode_icon_font_awesome fa fa-facebook " style="color: #ffffff;font-size: 15px;" ></i></span></a></span></div></div></div></div></div></div></div><div class="wpb_column vc_column_container vc_col-sm-8"><div class="vc_column-inner"><div class="wpb_wrapper"><div class='q_elements_holder one_column responsive_mode_from_768' ><div class='q_elements_item ' data-768-1024='0px 0px 40px 0px' data-600-768='0px 10px 40px 10px' data-480-600='0px 10px 40px 10px' data-480='0px 10px 40px 10px' data-animation='no' data-item-class='q_elements_holder_custom_522091'><div class='q_elements_item_inner'><div class='q_elements_item_content q_elements_holder_custom_522091' style='padding:0px 0px 80px 30px'>
	<div class="wpb_text_column wpb_content_element ">
		<div class="wpb_wrapper">
			<h6>Biografija</h6>

		</div> 
	</div> <div class="separator  normal   " style="background-color: #f2f2f2;height: 1px;"></div>
	<div class="vc_empty_space"  style="height: 20px" ><span
			class="vc_empty_space_inner">
			<span class="empty_space_image"  ></span>
		</span></div>


	<div class="wpb_text_column wpb_content_element ">
		<div class="wpb_wrapper">
			<p>Po struci je magistar ekonomskih nauka, u užoj stručnoj oblasti marketing menadžmenta, a sa posebnim akcentom na integrisane marketing komunikacije za kulturne događaje. Osnivač je, organizator i umetnički rukovodilac <em>world music</em> festivala Etnofest (17 godina, 2004 &#8211; ), festivala savremene eksperimentalne i improvizovane muzike Jazziré (12 godina, 2009 &#8211; ), kao i umetnički direktor Kanjiškog džez festivala u periodu od 2013 &#8211; 2018. godine. Bio je urednik muzičkog i likovnog programa kafe galerija Yu Fest i Baš kuća, u kojima je organizovao na desetine koncerata i izložbi.  PR je i saradnik festivala Desiré po pitanju eksternih komunikacija od osnivanja festivala. U oblasti menadžmenta u kulturi, u pojedinim godinama obavljao je i funkcije menadžera projekta &#8222;Subotica  &#8211; grad festivala&#8220; (FOKUS fondacija), kao i funkciju PR menadžera projekta Noć muzeja u Subotici. Aktivan je u implementaciji transnacionalnih kulturnih projekata pod okriljem programa Kreativna Evropa.</p>
<p>&nbsp;</p>
<p>Dobitnik je nagrade dr. Ferenc Bodrogvari, za doprinos razvoju kulture grada Subotice.</p>
<p>&nbsp;</p>
<p>Od 2010. godine, zaposlen je u kancelariji Interreg IPA Programa prekogranične saradnje Mađarska &#8211; Srbija, gde obavlja funkciju program menadžera.</p>

		</div> 
	</div> </div></div></div></div></div></div></div></div></div><div      class="vc_row wpb_row section vc_row-fluid " style=' text-align:left;'><div class=" full_section_inner clearfix"><div class="wpb_column vc_column_container vc_col-sm-12"><div class="vc_column-inner"><div class="wpb_wrapper"><div class='q_elements_holder one_column responsive_mode_from_768' ><div class='q_elements_item ' data-animation='no' data-item-class='q_elements_holder_custom_619616'><div class='q_elements_item_inner'><div class='q_elements_item_content q_elements_holder_custom_619616'><div class="qode-advanced-image-gallery  qode-aig-masonry-type qode-tiny-space  qode-image-behavior-lightbox ">
	<div class="qode-aig-inner qode-outer-space qode-aig-masonry qode-aig-five-columns">
		<div class="qode-aig-grid-sizer"></div>
		<div class="qode-aig-grid-gutter"></div>
								<div class="qode-aig-image qode-item-space qode-aig-default-masonry-item">
				<div class="qode-aig-image-inner">
											<a itemprop="image" class="qode-aig-lightbox" href="https://www.ckplac.org/wp-content/uploads/2021/01/dejo-01.gif" data- rel="lightbox[2618] prettyPhoto[image_gallery_pretty_photo-960]" title="dejo 01">
											<img width="900" height="600" src="https://www.ckplac.org/wp-content/uploads/2021/01/dejo-01.gif" class="attachment-full size-full" alt="" decoding="async" loading="lazy" />						<span class="aig-gallery-hover">
															<span class="icon-arrows-plus"></span> 
													</span>
											</a>
									</div>
			</div>
								<div class="qode-aig-image qode-item-space qode-aig-default-masonry-item">
				<div class="qode-aig-image-inner">
											<a itemprop="image" class="qode-aig-lightbox" href="https://www.ckplac.org/wp-content/uploads/2021/01/dejo-02.gif" data- rel="lightbox[2618] prettyPhoto[image_gallery_pretty_photo-960]" title="dejo 02">
											<img width="900" height="600" src="https://www.ckplac.org/wp-content/uploads/2021/01/dejo-02.gif" class="attachment-full size-full" alt="" decoding="async" loading="lazy" />						<span class="aig-gallery-hover">
															<span class="icon-arrows-plus"></span> 
													</span>
											</a>
									</div>
			</div>
								<div class="qode-aig-image qode-item-space qode-aig-default-masonry-item">
				<div class="qode-aig-image-inner">
											<a itemprop="image" class="qode-aig-lightbox" href="https://www.ckplac.org/wp-content/uploads/2021/01/dejo-03.gif" data- rel="lightbox[2618] prettyPhoto[image_gallery_pretty_photo-960]" title="dejo 03">
											<img width="900" height="600" src="https://www.ckplac.org/wp-content/uploads/2021/01/dejo-03.gif" class="attachment-full size-full" alt="" decoding="async" loading="lazy" />						<span class="aig-gallery-hover">
															<span class="icon-arrows-plus"></span> 
													</span>
											</a>
									</div>
			</div>
								<div class="qode-aig-image qode-item-space qode-aig-default-masonry-item">
				<div class="qode-aig-image-inner">
											<a itemprop="image" class="qode-aig-lightbox" href="https://www.ckplac.org/wp-content/uploads/2021/01/dejo-04.gif" data- rel="lightbox[2618] prettyPhoto[image_gallery_pretty_photo-960]" title="dejo 04">
											<img width="906" height="600" src="https://www.ckplac.org/wp-content/uploads/2021/01/dejo-04.gif" class="attachment-full size-full" alt="" decoding="async" loading="lazy" />						<span class="aig-gallery-hover">
															<span class="icon-arrows-plus"></span> 
													</span>
											</a>
									</div>
			</div>
								<div class="qode-aig-image qode-item-space qode-aig-default-masonry-item">
				<div class="qode-aig-image-inner">
											<a itemprop="image" class="qode-aig-lightbox" href="https://www.ckplac.org/wp-content/uploads/2021/01/dejo-05.gif" data- rel="lightbox[2618] prettyPhoto[image_gallery_pretty_photo-960]" title="dejo 05">
											<img width="900" height="600" src="https://www.ckplac.org/wp-content/uploads/2021/01/dejo-05.gif" class="attachment-full size-full" alt="" decoding="async" loading="lazy" />						<span class="aig-gallery-hover">
															<span class="icon-arrows-plus"></span> 
													</span>
											</a>
									</div>
			</div>
			</div>
</div></div></div></div></div></div></div></div></div></div>
</section>

Biografija Po struci je magistar ekonomskih nauka, u užoj stručnoj oblasti marketing menadžmenta, a sa...
